059
List the prime factors of 25172765.
5, 37, 136069
What are the prime factors of 45506299?
45506299
List the prime factors of 1333200578.
2, 666600289
What are the prime factors of 49264086?
2, 3, 8210681
List the prime factors of 55676648.
2, 59, 117959
List the prime factors of 9560580500.
2, 5, 19121161
List the prime factors of 2155904084.
2, 19, 83, 341773
List the prime factors of 99273380.
2, 5, 29, 171161
List the prime factors of 107326241.
11, 2879, 3389
List the prime factors of 35617090.
2, 5, 107, 33287
List the prime factors of 82958231.
61, 1359971
What are the prime factors of 3899781880?
2, 5, 103, 946549
What are the prime factors of 224590209?
3, 6571, 11393
List the prime factors of 65127484.
2, 67, 487, 499
List the prime factors of 5745235.
5, 17, 257, 263
List the prime factors of 1636710546.
2, 3, 272785091
What are the prime factors of 2514098739?
3, 613, 1367101
List the prime factors of 337182638.
2, 13, 12968563
What are the prime factors of 158649836?
2, 29, 67, 137, 149
List the prime factors of 249615721.
61, 4092061
List the prime factors of 170690839.
11, 29, 109, 4909
What are the prime factors of 1263617229?
3, 7, 37, 1626277
What are the prime factors of 84940051?
7, 19, 33613
What are the prime factors of 471337403?
137, 3440419
What are the prime factors of 20135215?
5, 37, 127, 857
List the prime factors of 675825830.
2, 5, 523, 129221
What are the prime factors of 1405289248?
2, 11, 19, 11059
List the prime factors of 531367061.
15121, 35141
What are the prime factors of 40401835?
5, 31, 277, 941
List the prime factors of 343153664.
2, 7, 977
List the prime factors of 47075907.
3, 17, 419, 2203
What are the prime factors of 548974284?
2, 3, 83, 551179
List the prime factors of 358154141.
3499, 102359
What are the prime factors of 820087770?
2, 3, 5, 23, 233, 5101
List the prime factors of 37628223.
3, 37, 338993
List the prime factors of 267164337.
3, 11, 8095889
What are the prime factors of 109014081?
3, 11, 17, 317, 613
List the prime factors of 448478156.
2, 7, 17, 29, 53, 613
What are the prime factors of 3625519194?
2, 3, 11, 18310703
List the prime factors of 1004849923.
7, 11, 17, 767647
List the prime factors of 539861673.
3, 13, 17, 179, 4549
What are the prime factors of 308546940?
2, 3, 5, 13, 17, 23269
What are the prime factors of 2612407583?
71, 36794473
List the prime factors of 4690569.
3, 13, 43, 2797
What are the prime factors of 5891046?
2, 3, 7, 140263
List the prime factors of 79493315.
5, 11, 1445333
List the prime factors of 1014229017.
3, 4157, 27109
List the prime factors of 868131192.
2, 3, 31, 59, 19777
What are the prime factors of 9271764?
2, 3, 29, 83, 107
List the prime factors of 566432569.
23, 1070761
What are the prime factors of 26205160?
2, 5, 17, 89, 433
List the prime factors of 800496450.
2, 3, 5, 13, 193, 709
What are the prime factors of 186223312?
2, 11, 41, 131, 197
List the prime factors of 128436260.
2, 5, 733, 8761
What are the prime factors of 7087000378?
2, 1993, 1777973
What are the prime factors of 433500169?
1571, 275939
What are the prime factors of 254970438?
2, 3, 42495073
What are the prime factors of 492224723?
113, 4355971
What are the prime factors of 288801505?
5, 53, 73, 14929
What are the prime factors of 15123129?
3, 7, 113, 6373
List the prime factors of 620493615.
3, 5, 7, 31267
List the prime factors of 890190664.
2, 11, 10115803
What are the prime factors of 3386027526?
2, 3, 7, 1847, 43649
What are the prime factors of 25666193?
7, 3666599
What are the prime factors of 92720434?
2, 41, 1130737
What are the prime factors of 1790998806?
2, 3, 199, 211, 7109
What are the prime factors of 4907167760?
2, 5, 11, 23, 242449
What are the prime factors of 70184929?
313, 224233
What are the prime factors of 424507323?
3, 17, 2111, 3943
What are the prime factors of 6595671796?
2, 7, 235559707
What are the prime factors of 2618269223?
1117, 2344019
What are the prime factors of 34628524?
2, 7, 17, 23, 3163
List the prime factors of 1202815886.
2, 137, 4389839
What are the prime factors of 407702520?
2, 3, 5, 1132507
List the prime factors of 24993292.
2, 83, 907
What are the prime factors of 22350365?
5, 19, 23, 53, 193
List the prime factors of 784451221.
784451221
What are the prime factors of 4198358115?
3, 5, 7, 73, 60859
List the prime factors of 41171883.
3, 13723961
List the prime factors of 75049969.
101, 743069
List the prime factors of 785047780.
2, 5, 11, 3568399
What are the prime factors of 45262813?
79, 233, 2459
List the prime factors of 6675701783.
6675701783
What are the prime factors of 187572836?
2, 11, 1583, 2693
What are the prime factors of 21911027?
21911027
List the prime factors of 446762531.
37, 131, 92173
What are the prime factors of 4668243678?
2, 3, 7, 4116617
What are the prime factors of 135579622?
2, 67789811
List the prime factors of 1823802720.
2, 3, 5, 3799589
List the prime factors of 1621452493.
8221, 197233
What are the prime factors of 6984560?
2, 5, 11, 7937
List the prime factors of 1163361960.
2, 3, 5, 199, 5413
List the prime factors of 2110797816.
2, 3, 281, 312989
List the prime factors of 1220957743.
1220957743
What are the prime factors of 2309446521?
3, 256605169
List the prime factors of 129531373.
59, 163, 13469
List the prime factors of 140936170.
2, 5, 479, 29423
List the prime factors of 25774870.
2, 5, 11, 234317
What are the prime factors of 26268547?
26268547
List the prime factors of 472292723.
7, 9638627
List the prime factors of 1523871289.
1523871289
List the prime factors of 3879228999.
3, 37, 4999, 6991
List the prime factors of 430306526.
2, 13, 47, 352133
What are the prime factors of 4076235109?
257, 15860837
What are the prime factors of 2203438714?
2, 17, 2417, 26813
What are the prime factors of 410414361?
3, 7, 2333, 8377
List the prime factors of 2821962071.
89, 1823, 17393
List the prime factors of 660928034.
2, 13, 19, 1337911
What are the prime factors of 1984015200?
2, 3, 5, 826673
List the prime factors of 1956071248.
2, 23, 5315411
What are the prime factors of 629919081?
3, 11, 6362819
List the prime factors of 45921207.
3, 15307069
What are the prime factors of 4909172?
2, 113, 10861
What are the prime factors of 2920910372?
2, 730227593
What are the prime factors of 14025094?
2, 7012547
What are the prime factors of 7187971869?
3, 13, 61435657
List the prime factors of 60930093.
3, 7, 19, 79, 1933
List the prime factors of 3366591.
3, 19, 59063
List the prime factors of 15727190.
2, 5, 41, 89, 431
What are the prime factors of 1688799098?
2, 7, 1433, 84179
List the prime factors of 603245778.
2, 3, 100540963
List the prime factors of 472932528.
2, 3, 31, 317831
List the prime factors of 90548345.
5, 2179, 8311
List the prime factors of 107734196.
2, 79, 340931
What are the prime factors of 211149629?
67, 3151487
List the prime factors of 3263383826.
2, 31, 89, 591407
List the prime factors of 139824129.
3, 181, 257503
What are the prime factors of 345574509?
3, 7, 2350847
List the prime factors of 1827999839.
53, 197, 175079
List the prime factors of 76214789.
7, 10887827
What are the prime factors of 312578590?
2, 5, 37, 499, 1693
What are the prime factors of 20716845?
3, 5, 1097, 1259
What are the prime factors of 4834398145?
5, 47, 20571907
What are the prime factors of 882634691?
29, 30435679
What are the prime factors of 424447313?
17, 23, 37, 29339
List the prime factors of 235034755.
5, 41, 1146511
List the prime factors of 36003467.
17, 107, 19793
What are the prime factors of 558600298?
2, 279300149
List the prime factors of 1453391861.
157, 9257273
What are the prime factors of 181643828?
2, 45410957
List the prime factors of 41634667.
41634667
What are the prime factors of 5225517?
3, 11, 52783
What are the prime factors of 121780124?
2, 23, 89, 107, 139
What are the prime factors of 44527928?
2, 5565991
What are the prime factors of 685166165?
5, 137033233
List the prime factors of 16555036.
2, 151, 27409
List the prime factors of 1430185.
5, 31, 9227
What are the prime factors of 131579216?
2, 8223701
What are the prime factors of 7372470194?
2, 3686235097
What are the prime factors of 187281579?
3, 62427193
What are the prime factors of 375935012?